{"id":10123,"date":"2021-02-14T18:46:04","date_gmt":"2021-02-15T00:46:04","guid":{"rendered":"http:\/\/escuelasion.esy.es\/?page_id=10123"},"modified":"2021-02-17T06:15:22","modified_gmt":"2021-02-17T12:15:22","slug":"oracion-de-la-manana","status":"publish","type":"page","link":"https:\/\/sionpuntarenas.com\/?page_id=10123","title":{"rendered":"Oraci\u00f3n de la Ma\u00f1ana"},"content":{"rendered":"\n<h1 class=\"alignfull has-text-align-center wp-block-heading\">Acu\u00e9rdate y Oraci\u00f3n al Esp\u00edritu Santo<\/h1>\n\n\n\n<div class=\"wp-block-image is-style-default\"><figure class=\"aligncenter size-large\"><a href=\"https:\/\/sionpuntarenas.com\/wp-content\/uploads\/2021\/02\/acordaos-1.jpg\"><img loading=\"lazy\" decoding=\"async\" width=\"555\" height=\"645\" src=\"https:\/\/sionpuntarenas.com\/wp-content\/uploads\/2021\/02\/acordaos-1.jpg\" alt=\"\" class=\"wp-image-14776\" srcset=\"https:\/\/sionpuntarenas.com\/wp-content\/uploads\/2021\/02\/acordaos-1.jpg 555w, https:\/\/sionpuntarenas.com\/wp-content\/uploads\/2021\/02\/acordaos-1-258x300.jpg 258w\" sizes=\"(max-width: 555px) 100vw, 555px\" \/><\/a><\/figure><\/div>\n\n\n\n<p><\/p>\n","protected":false},"excerpt":{"rendered":"<p>Acu\u00e9rdate y Oraci\u00f3n al Esp\u00edritu Santo<\/p>\n","protected":false},"author":1,"featured_media":0,"parent":0,"menu_order":0,"comment_status":"closed","ping_status":"closed","template":"","meta":{"saved_in_kubio":false,"footnotes":""},"class_list":["post-10123","page","type-page","status-publish","hentry"],"kubio_ai_page_context":{"short_desc":"","purpose":"general"},"_links":{"self":[{"href":"https:\/\/sionpuntarenas.com\/index.php?rest_route=\/wp\/v2\/pages\/10123","targetHints":{"allow":["GET"]}}],"collection":[{"href":"https:\/\/sionpuntarenas.com\/index.php?rest_route=\/wp\/v2\/pages"}],"about":[{"href":"https:\/\/sionpuntarenas.com\/index.php?rest_route=\/wp\/v2\/types\/page"}],"author":[{"embeddable":true,"href":"https:\/\/sionpuntarenas.com\/index.php?rest_route=\/wp\/v2\/users\/1"}],"replies":[{"embeddable":true,"href":"https:\/\/sionpuntarenas.com\/index.php?rest_route=%2Fwp%2Fv2%2Fcomments&post=10123"}],"version-history":[{"count":7,"href":"https:\/\/sionpuntarenas.com\/index.php?rest_route=\/wp\/v2\/pages\/10123\/revisions"}],"predecessor-version":[{"id":14777,"href":"https:\/\/sionpuntarenas.com\/index.php?rest_route=\/wp\/v2\/pages\/10123\/revisions\/14777"}],"wp:attachment":[{"href":"https:\/\/sionpuntarenas.com\/index.php?rest_route=%2Fwp%2Fv2%2Fmedia&parent=10123"}],"curies":[{"name":"wp","href":"https:\/\/api.w.org\/{rel}","templated":true}]}}