{"id":11223,"date":"2020-09-21T10:20:58","date_gmt":"2020-09-21T16:20:58","guid":{"rendered":"http:\/\/escuelasion.esy.es\/?page_id=11223"},"modified":"2025-08-07T10:24:30","modified_gmt":"2025-08-07T16:24:30","slug":"matricula-2021-4","status":"publish","type":"page","link":"https:\/\/sionpuntarenas.com\/?page_id=11223","title":{"rendered":"MATRICULA"},"content":{"rendered":"\n<h2 class=\"wp-block-heading\">Pr\u00f3ximamente se comunicar\u00e1n los periodos de matr\u00edcula para el pr\u00f3ximo curso<\/h2>\n","protected":false},"excerpt":{"rendered":"<p>Pr\u00f3ximamente se comunicar\u00e1n los periodos de matr\u00edcula para el pr\u00f3ximo curso<\/p>\n","protected":false},"author":1,"featured_media":0,"parent":0,"menu_order":0,"comment_status":"closed","ping_status":"closed","template":"","meta":{"saved_in_kubio":false,"footnotes":""},"class_list":["post-11223","page","type-page","status-publish","hentry"],"kubio_ai_page_context":{"short_desc":"","purpose":"general"},"_links":{"self":[{"href":"https:\/\/sionpuntarenas.com\/index.php?rest_route=\/wp\/v2\/pages\/11223","targetHints":{"allow":["GET"]}}],"collection":[{"href":"https:\/\/sionpuntarenas.com\/index.php?rest_route=\/wp\/v2\/pages"}],"about":[{"href":"https:\/\/sionpuntarenas.com\/index.php?rest_route=\/wp\/v2\/types\/page"}],"author":[{"embeddable":true,"href":"https:\/\/sionpuntarenas.com\/index.php?rest_route=\/wp\/v2\/users\/1"}],"replies":[{"embeddable":true,"href":"https:\/\/sionpuntarenas.com\/index.php?rest_route=%2Fwp%2Fv2%2Fcomments&post=11223"}],"version-history":[{"count":9,"href":"https:\/\/sionpuntarenas.com\/index.php?rest_route=\/wp\/v2\/pages\/11223\/revisions"}],"predecessor-version":[{"id":27553,"href":"https:\/\/sionpuntarenas.com\/index.php?rest_route=\/wp\/v2\/pages\/11223\/revisions\/27553"}],"wp:attachment":[{"href":"https:\/\/sionpuntarenas.com\/index.php?rest_route=%2Fwp%2Fv2%2Fmedia&parent=11223"}],"curies":[{"name":"wp","href":"https:\/\/api.w.org\/{rel}","templated":true}]}}