{"id":336,"date":"2015-08-11T12:19:15","date_gmt":"2015-08-11T18:19:15","guid":{"rendered":"http:\/\/escuelasion.esy.es\/?page_id=336"},"modified":"2019-12-06T10:40:02","modified_gmt":"2019-12-06T16:40:02","slug":"historia","status":"publish","type":"page","link":"https:\/\/sionpuntarenas.com\/?page_id=336","title":{"rendered":"Historia"},"content":{"rendered":"<p><a href=\"http:\/\/escuelasion.esy.es\/wp-content\/uploads\/2015\/08\/0000976.jpg\"><img loading=\"lazy\" decoding=\"async\" class=\" size-medium wp-image-337 aligncenter\" src=\"http:\/\/escuelasion.esy.es\/wp-content\/uploads\/2015\/08\/0000976-300x199.jpg\" alt=\"Fachada de la Escuela Ntra. Sra. de Sion\" width=\"300\" height=\"199\" srcset=\"https:\/\/sionpuntarenas.com\/wp-content\/uploads\/2015\/08\/0000976-300x199.jpg 300w, https:\/\/sionpuntarenas.com\/wp-content\/uploads\/2015\/08\/0000976-1024x678.jpg 1024w\" sizes=\"(max-width: 300px) 100vw, 300px\" \/><\/a><\/p>\n<p>La Escuela Nuestra Se\u00f1ora de Sion se fund\u00f3 en 1957, en la Provincia de Puntarenas, su nombre se debe a que la escuela est\u00e1 dedicada a la Sant\u00edsima Virgen Mar\u00eda.<br \/>\nSe design\u00f3 para comenzar la obra en Puntarenas a Sor Mar\u00eda Isabel Calder\u00f3n, Sor Herminia Campos, Sor Aidal\u00eda G\u00f3mez y Sor Emilce Araya.<br \/>\nSalieron de San Jos\u00e9 el viernes 1\u00ba de marzo de 1957. Era otro ambiente y otro clima al que ven\u00edan. Un grupo de se\u00f1oras empezaron a organizar todo antes de que llegaran, entre ellas podemos mencionar a do\u00f1a Delia de Beeche, do\u00f1a Flora de Acu\u00f1a, do\u00f1a Consuelo de Casalvolone, do\u00f1a Flora Calvo, do\u00f1a Mar\u00eda Fait, do\u00f1a Peggy de Segares, do\u00f1a Mim\u00ed Fait, do\u00f1a Dulce Mar\u00eda Torre y muchas otras m\u00e1s.<br \/>\nEllas buscaron una casa al costado oeste del Estadio Lito P\u00e9rez apenas en construcci\u00f3n. La escuela era simplemente un garaje, pero desde el primer momento que llegaron, fueron acogidas por las congregaciones existentes en Puntarenas, como las Hermanas Misioneras de la Asunci\u00f3n, las de la P\u00eda Uni\u00f3n, Fray Casiano de Madrid, el grupo de damas Vicentinas y un grupo de madres y padres de familia de nuestras alumnas del Colegio.<br \/>\nGracias a todos ellos que ayudaron con los alimentos y materiales mientras las hermanas se acomodaban en su nueva casa.<br \/>\nEl primer d\u00eda de clase fue el martes 5 de marzo de 1957, se inici\u00f3 con dos grupos, uno de primer grado, con 28 alumnas y un segundo grado con s\u00f3lo 6 alumnas. Como la casa era peque\u00f1a, el grupo de segundo ven\u00eda en la ma\u00f1ana y el de primero por la tarde.<br \/>\nLas ni\u00f1as llegaban impecables con sus uniformes blancos y se iban bien empolvadas pues todo el polvo entraba al aula, en verano; en invierno y cada mes, con la luna llena, se met\u00eda el agua del estero y pasaban la ma\u00f1ana con los zapatos mojados. En ese entonces las calles eran de tierra arenosa y con el viento se levantaban grandes tormentas de arena. El comienzo fue muy dif\u00edcil por la pobreza y la incomodidad.<br \/>\nLa escuela crec\u00eda a\u00f1o tras a\u00f1o por lo que ten\u00edan que estar cambiando de local para atender m\u00e1s alumnas y estar un poquito m\u00e1s c\u00f3modas. Al a\u00f1o siguiente se pasaron a una casa frente al Parque Victoria pues ya ten\u00edan hasta tercer grado.<br \/>\nLuego estuvieron en otra casa, del se\u00f1or don Eduardo Beeche frente a la Plaza Mora y Ca\u00f1as, algunas lecciones se daban en la antigua Casa Cural porque no alcanzaban todos los grupos ah\u00ed. Debido al aumento de matr\u00edcula, de la casa de la familia Beeche, se trasladaron a otra para aumentar el n\u00famero de aulas, ubicada sobre el estero, donde trabaj\u00f3 mucho tiempo el Club de Leones.<br \/>\nDesde 1957 la Direcci\u00f3n estuvo en manos de Religiosas, en el 2003 la asumi\u00f3 una educadora seglar Ana I. Matamoros Torre quedando Sor Ana Rosa como representante de las Hermanas de Sion en el \u00e1rea Administrativa y a partir del 2005 es administrada por la Di\u00f3cesis de Puntarenas. Estando como directora Sor Hayde\u00e9 Dur\u00e1n Blanco en el 2005 hasta julio del 2006. En ese mismo a\u00f1o inicia R\u00e1ndall Espinoza Arias a cargo de la direcci\u00f3n, se ordena como sacerdote y decide tomar una parroquia. Para el 2007 pasa a ser directora una docente que hab\u00eda laborado por 16 a\u00f1os como educadora, y era la asistente de direcci\u00f3n en ese momento, la ni\u00f1a Ennar Mora Espinoza.<br \/>\nDurante 19 a\u00f1os atendi\u00f3 s\u00f3lo mujeres con criterios psicol\u00f3gicos, pedag\u00f3gicos y religiosos. Se analiz\u00f3 la necesidad de incluir varones en la matr\u00edcula. Fue as\u00ed que en el a\u00f1o 1976, se recibieron los primeros varones, convirti\u00e9ndose en escuela Mixta.<br \/>\nLa Escuela es Mixta, Urbana y Subvencionada, con los derechos de una escuela Privada. No cuenta con una sola comunidad Educativa, ya que la procedencia de los ni\u00f1os y las ni\u00f1as es de diferentes barrios de la Provincia.<br \/>\nSe imparte una educaci\u00f3n que apunta a la formaci\u00f3n de personas, conscientes de sus valores y de su dignidad como persona, adem\u00e1s de desarrollar un esp\u00edritu cr\u00edtico y creador que le capacite para afrontar las nuevas situaciones y transformaciones de la sociedad.<\/p>\n<p><a href=\"http:\/\/escuelasion.esy.es\/wp-content\/uploads\/2019\/12\/fachada2005.jpg\"><img loading=\"lazy\" decoding=\"async\" class=\"aligncenter wp-image-733 size-full\" title=\"Fachada A\u00f1o 2005\" src=\"http:\/\/escuelasion.esy.es\/wp-content\/uploads\/2019\/12\/fachada2005.jpg\" alt=\"\" width=\"788\" height=\"352\" srcset=\"https:\/\/sionpuntarenas.com\/wp-content\/uploads\/2019\/12\/fachada2005.jpg 788w, https:\/\/sionpuntarenas.com\/wp-content\/uploads\/2019\/12\/fachada2005-300x134.jpg 300w, https:\/\/sionpuntarenas.com\/wp-content\/uploads\/2019\/12\/fachada2005-768x343.jpg 768w\" sizes=\"(max-width: 788px) 100vw, 788px\" \/><\/a><\/p>\n<p>Cuenta tambi\u00e9n con un personal Docente altamente capacitado desde Bachillerato hasta PT6 (Licenciadas \u2013 os) y Msc.<br \/>\nSe fundamenta en la centralidad de la persona humana, la dignidad y la llamada a la felicidad teniendo como meta la comuni\u00f3n social.<br \/>\nLas relaciones humanas, el di\u00e1logo, la solidaridad, el intercambio y el compartir conducen a la humanizaci\u00f3n de la cultura y del saber.<br \/>\nEl docente es el mediador del conocimiento, organizador de la acci\u00f3n Pedag\u00f3gica, Investigador atento de las expresiones de la Ciencia y la Tecnolog\u00eda; consciente de que el joven es protagonista de su propia transformaci\u00f3n construyendo (el saber, saber hacer y el saber convivir).<\/p>\n","protected":false},"excerpt":{"rendered":"<p>La Escuela Nuestra Se\u00f1ora de Sion se fund\u00f3 en 1957, en la Provincia de Puntarenas, su nombre se debe a que la escuela est\u00e1 dedicada a la Sant\u00edsima Virgen Mar\u00eda. Se design\u00f3 para comenzar la obra en Puntarenas a Sor Mar\u00eda Isabel Calder\u00f3n, Sor Herminia Campos, Sor Aidal\u00eda G\u00f3mez y Sor Emilce Araya. Salieron de [&hellip;]<\/p>\n","protected":false},"author":1,"featured_media":0,"parent":339,"menu_order":2,"comment_status":"open","ping_status":"open","template":"","meta":{"saved_in_kubio":false,"footnotes":""},"class_list":["post-336","page","type-page","status-publish","hentry"],"kubio_ai_page_context":{"short_desc":"","purpose":"general"},"_links":{"self":[{"href":"https:\/\/sionpuntarenas.com\/index.php?rest_route=\/wp\/v2\/pages\/336","targetHints":{"allow":["GET"]}}],"collection":[{"href":"https:\/\/sionpuntarenas.com\/index.php?rest_route=\/wp\/v2\/pages"}],"about":[{"href":"https:\/\/sionpuntarenas.com\/index.php?rest_route=\/wp\/v2\/types\/page"}],"author":[{"embeddable":true,"href":"https:\/\/sionpuntarenas.com\/index.php?rest_route=\/wp\/v2\/users\/1"}],"replies":[{"embeddable":true,"href":"https:\/\/sionpuntarenas.com\/index.php?rest_route=%2Fwp%2Fv2%2Fcomments&post=336"}],"version-history":[{"count":4,"href":"https:\/\/sionpuntarenas.com\/index.php?rest_route=\/wp\/v2\/pages\/336\/revisions"}],"predecessor-version":[{"id":736,"href":"https:\/\/sionpuntarenas.com\/index.php?rest_route=\/wp\/v2\/pages\/336\/revisions\/736"}],"up":[{"embeddable":true,"href":"https:\/\/sionpuntarenas.com\/index.php?rest_route=\/wp\/v2\/pages\/339"}],"wp:attachment":[{"href":"https:\/\/sionpuntarenas.com\/index.php?rest_route=%2Fwp%2Fv2%2Fmedia&parent=336"}],"curies":[{"name":"wp","href":"https:\/\/api.w.org\/{rel}","templated":true}]}}

<p><a href="http://escuelasion.esy.es/wp-content/uploads/2015/08/0000976.jpg"><img loading="lazy" decoding="async" class=" size-medium wp-image-337 aligncenter" src="http://escuelasion.esy.es/wp-content/uploads/2015/08/0000976-300x199.jpg" alt="Fachada de la Escuela Ntra. Sra. de Sion" width="300" height="199" srcset="https://sionpuntarenas.com/wp-content/uploads/2015/08/0000976-300x199.jpg 300w, https://sionpuntarenas.com/wp-content/uploads/2015/08/0000976-1024x678.jpg 1024w" sizes="(max-width: 300px) 100vw, 300px" /></a></p>
<p>La Escuela Nuestra Señora de Sion se fundó en 1957, en la Provincia de Puntarenas, su nombre se debe a que la escuela está dedicada a la Santísima Virgen María.<br />
Se designó para comenzar la obra en Puntarenas a Sor María Isabel Calderón, Sor Herminia Campos, Sor Aidalía Gómez y Sor Emilce Araya.<br />
Salieron de San José el viernes 1º de marzo de 1957. Era otro ambiente y otro clima al que venían. Un grupo de señoras empezaron a organizar todo antes de que llegaran, entre ellas podemos mencionar a doña Delia de Beeche, doña Flora de Acuña, doña Consuelo de Casalvolone, doña Flora Calvo, doña María Fait, doña Peggy de Segares, doña Mimí Fait, doña Dulce María Torre y muchas otras más.<br />
Ellas buscaron una casa al costado oeste del Estadio Lito Pérez apenas en construcción. La escuela era simplemente un garaje, pero desde el primer momento que llegaron, fueron acogidas por las congregaciones existentes en Puntarenas, como las Hermanas Misioneras de la Asunción, las de la Pía Unión, Fray Casiano de Madrid, el grupo de damas Vicentinas y un grupo de madres y padres de familia de nuestras alumnas del Colegio.<br />
Gracias a todos ellos que ayudaron con los alimentos y materiales mientras las hermanas se acomodaban en su nueva casa.<br />
El primer día de clase fue el martes 5 de marzo de 1957, se inició con dos grupos, uno de primer grado, con 28 alumnas y un segundo grado con sólo 6 alumnas. Como la casa era pequeña, el grupo de segundo venía en la mañana y el de primero por la tarde.<br />
Las niñas llegaban impecables con sus uniformes blancos y se iban bien empolvadas pues todo el polvo entraba al aula, en verano; en invierno y cada mes, con la luna llena, se metía el agua del estero y pasaban la mañana con los zapatos mojados. En ese entonces las calles eran de tierra arenosa y con el viento se levantaban grandes tormentas de arena. El comienzo fue muy difícil por la pobreza y la incomodidad.<br />
La escuela crecía año tras año por lo que tenían que estar cambiando de local para atender más alumnas y estar un poquito más cómodas. Al año siguiente se pasaron a una casa frente al Parque Victoria pues ya tenían hasta tercer grado.<br />
Luego estuvieron en otra casa, del señor don Eduardo Beeche frente a la Plaza Mora y Cañas, algunas lecciones se daban en la antigua Casa Cural porque no alcanzaban todos los grupos ahí. Debido al aumento de matrícula, de la casa de la familia Beeche, se trasladaron a otra para aumentar el número de aulas, ubicada sobre el estero, donde trabajó mucho tiempo el Club de Leones.<br />
Desde 1957 la Dirección estuvo en manos de Religiosas, en el 2003 la asumió una educadora seglar Ana I. Matamoros Torre quedando Sor Ana Rosa como representante de las Hermanas de Sion en el área Administrativa y a partir del 2005 es administrada por la Diócesis de Puntarenas. Estando como directora Sor Haydeé Durán Blanco en el 2005 hasta julio del 2006. En ese mismo año inicia Rándall Espinoza Arias a cargo de la dirección, se ordena como sacerdote y decide tomar una parroquia. Para el 2007 pasa a ser directora una docente que había laborado por 16 años como educadora, y era la asistente de dirección en ese momento, la niña Ennar Mora Espinoza.<br />
Durante 19 años atendió sólo mujeres con criterios psicológicos, pedagógicos y religiosos. Se analizó la necesidad de incluir varones en la matrícula. Fue así que en el año 1976, se recibieron los primeros varones, convirtiéndose en escuela Mixta.<br />
La Escuela es Mixta, Urbana y Subvencionada, con los derechos de una escuela Privada. No cuenta con una sola comunidad Educativa, ya que la procedencia de los niños y las niñas es de diferentes barrios de la Provincia.<br />
Se imparte una educación que apunta a la formación de personas, conscientes de sus valores y de su dignidad como persona, además de desarrollar un espíritu crítico y creador que le capacite para afrontar las nuevas situaciones y transformaciones de la sociedad.</p>
<p><a href="http://escuelasion.esy.es/wp-content/uploads/2019/12/fachada2005.jpg"><img loading="lazy" decoding="async" class="aligncenter wp-image-733 size-full" title="Fachada Año 2005" src="http://escuelasion.esy.es/wp-content/uploads/2019/12/fachada2005.jpg" alt="" width="788" height="352" srcset="https://sionpuntarenas.com/wp-content/uploads/2019/12/fachada2005.jpg 788w, https://sionpuntarenas.com/wp-content/uploads/2019/12/fachada2005-300x134.jpg 300w, https://sionpuntarenas.com/wp-content/uploads/2019/12/fachada2005-768x343.jpg 768w" sizes="(max-width: 788px) 100vw, 788px" /></a></p>
<p>Cuenta también con un personal Docente altamente capacitado desde Bachillerato hasta PT6 (Licenciadas – os) y Msc.<br />
Se fundamenta en la centralidad de la persona humana, la dignidad y la llamada a la felicidad teniendo como meta la comunión social.<br />
Las relaciones humanas, el diálogo, la solidaridad, el intercambio y el compartir conducen a la humanización de la cultura y del saber.<br />
El docente es el mediador del conocimiento, organizador de la acción Pedagógica, Investigador atento de las expresiones de la Ciencia y la Tecnología; consciente de que el joven es protagonista de su propia transformación construyendo (el saber, saber hacer y el saber convivir).</p>

<p>La Escuela Nuestra Señora de Sion se fundó en 1957, en la Provincia de Puntarenas, su nombre se debe a que la escuela está dedicada a la Santísima Virgen María. Se designó para comenzar la obra en Puntarenas a Sor María Isabel Calderón, Sor Herminia Campos, Sor Aidalía Gómez y Sor Emilce Araya. Salieron de [&hellip;]</p>
