{"id":342,"date":"2015-08-11T12:30:47","date_gmt":"2015-08-11T18:30:47","guid":{"rendered":"http:\/\/escuelasion.esy.es\/?page_id=342"},"modified":"2015-08-12T08:44:21","modified_gmt":"2015-08-12T14:44:21","slug":"mision","status":"publish","type":"page","link":"https:\/\/sionpuntarenas.com\/?page_id=342","title":{"rendered":"Misi\u00f3n"},"content":{"rendered":"<p><a href=\"http:\/\/escuelasion.esy.es\/wp-content\/uploads\/2015\/08\/escudopeque\u00f1o.jpg\"><img loading=\"lazy\" decoding=\"async\" class=\"  wp-image-352 aligncenter\" src=\"http:\/\/escuelasion.esy.es\/wp-content\/uploads\/2015\/08\/escudopeque\u00f1o-241x300.jpg\" alt=\"escudopeque\u00f1o\" width=\"91\" height=\"113\" \/><\/a><\/p>\n<p style=\"text-align: center;\">El Centro Educativo Cat\u00f3lico Nuestra Se\u00f1ora de Sion fundamenta el sistema educativo utilizado en tres principios:<\/p>\n<p>&nbsp;<\/p>\n<p><strong>Humanista:<\/strong> Opta por la plena realizaci\u00f3n de la persona menor de edad, reconoci\u00e9ndola como sujeto con dignidad y valor llamada y llamado a procurar su perfecci\u00f3n mediante la aceptaci\u00f3n de los valores cristianos.<\/p>\n<p>&nbsp;<\/p>\n<p><strong>Racional:<\/strong> Reconoce que la persona menor de edad es creada a imagen y semejanza de Dios, dotada de capacidad racional que le permite entrar en interacci\u00f3n con cuanto la y lo rodea, imprimi\u00e9ndole su sello de humanidad y originalidad.<\/p>\n<p>&nbsp;<\/p>\n<p><strong>Cristiano:<\/strong> Se fundamenta en la visi\u00f3n cristiana del mundo que se concretiza en una relaci\u00f3n fraterna de reciprocidad con las hermanas y hermanos sin ning\u00fan tipo de discriminaci\u00f3n. Se trabaja en la asimilaci\u00f3n cr\u00edtica del saber y la cultura.<\/p>\n","protected":false},"excerpt":{"rendered":"<p>El Centro Educativo Cat\u00f3lico Nuestra Se\u00f1ora de Sion fundamenta el sistema educativo utilizado en tres principios: &nbsp; Humanista: Opta por la plena realizaci\u00f3n de la persona menor de edad, reconoci\u00e9ndola como sujeto con dignidad y valor llamada y llamado a procurar su perfecci\u00f3n mediante la aceptaci\u00f3n de los valores cristianos. &nbsp; Racional: Reconoce que la [&hellip;]<\/p>\n","protected":false},"author":1,"featured_media":0,"parent":339,"menu_order":2,"comment_status":"open","ping_status":"closed","template":"","meta":{"saved_in_kubio":false,"footnotes":""},"class_list":["post-342","page","type-page","status-publish","hentry"],"kubio_ai_page_context":{"short_desc":"","purpose":"general"},"_links":{"self":[{"href":"https:\/\/sionpuntarenas.com\/index.php?rest_route=\/wp\/v2\/pages\/342","targetHints":{"allow":["GET"]}}],"collection":[{"href":"https:\/\/sionpuntarenas.com\/index.php?rest_route=\/wp\/v2\/pages"}],"about":[{"href":"https:\/\/sionpuntarenas.com\/index.php?rest_route=\/wp\/v2\/types\/page"}],"author":[{"embeddable":true,"href":"https:\/\/sionpuntarenas.com\/index.php?rest_route=\/wp\/v2\/users\/1"}],"replies":[{"embeddable":true,"href":"https:\/\/sionpuntarenas.com\/index.php?rest_route=%2Fwp%2Fv2%2Fcomments&post=342"}],"version-history":[{"count":3,"href":"https:\/\/sionpuntarenas.com\/index.php?rest_route=\/wp\/v2\/pages\/342\/revisions"}],"predecessor-version":[{"id":353,"href":"https:\/\/sionpuntarenas.com\/index.php?rest_route=\/wp\/v2\/pages\/342\/revisions\/353"}],"up":[{"embeddable":true,"href":"https:\/\/sionpuntarenas.com\/index.php?rest_route=\/wp\/v2\/pages\/339"}],"wp:attachment":[{"href":"https:\/\/sionpuntarenas.com\/index.php?rest_route=%2Fwp%2Fv2%2Fmedia&parent=342"}],"curies":[{"name":"wp","href":"https:\/\/api.w.org\/{rel}","templated":true}]}}

Misión

<p><a href="http://escuelasion.esy.es/wp-content/uploads/2015/08/escudopequeño.jpg"><img loading="lazy" decoding="async" class="  wp-image-352 aligncenter" src="http://escuelasion.esy.es/wp-content/uploads/2015/08/escudopequeño-241x300.jpg" alt="escudopequeño" width="91" height="113" /></a></p>
<p style="text-align: center;">El Centro Educativo Católico Nuestra Señora de Sion fundamenta el sistema educativo utilizado en tres principios:</p>
<p>&nbsp;</p>
<p><strong>Humanista:</strong> Opta por la plena realización de la persona menor de edad, reconociéndola como sujeto con dignidad y valor llamada y llamado a procurar su perfección mediante la aceptación de los valores cristianos.</p>
<p>&nbsp;</p>
<p><strong>Racional:</strong> Reconoce que la persona menor de edad es creada a imagen y semejanza de Dios, dotada de capacidad racional que le permite entrar en interacción con cuanto la y lo rodea, imprimiéndole su sello de humanidad y originalidad.</p>
<p>&nbsp;</p>
<p><strong>Cristiano:</strong> Se fundamenta en la visión cristiana del mundo que se concretiza en una relación fraterna de reciprocidad con las hermanas y hermanos sin ningún tipo de discriminación. Se trabaja en la asimilación crítica del saber y la cultura.</p>

<p>El Centro Educativo Católico Nuestra Señora de Sion fundamenta el sistema educativo utilizado en tres principios: &nbsp; Humanista: Opta por la plena realización de la persona menor de edad, reconociéndola como sujeto con dignidad y valor llamada y llamado a procurar su perfección mediante la aceptación de los valores cristianos. &nbsp; Racional: Reconoce que la [&hellip;]</p>
