{"id":381,"date":"2015-08-13T10:26:43","date_gmt":"2015-08-13T16:26:43","guid":{"rendered":"http:\/\/escuelasion.esy.es\/?page_id=381"},"modified":"2015-11-12T12:02:57","modified_gmt":"2015-11-12T18:02:57","slug":"hermanas","status":"publish","type":"page","link":"https:\/\/sionpuntarenas.com\/?page_id=381","title":{"rendered":"Hermanas"},"content":{"rendered":"<p style=\"text-align: left;\">HERMANAS DE NUESTRA SE\u00d1ORA DE SION<br \/>\n<em>Un Poco de Historia<\/em><br \/>\nLa congregaci\u00f3n de Nuestra Se\u00f1ora de Sion fue fundada en Francia en 1842 por Teodoro Ratisbona de Origen Jud\u00edo.<\/p>\n<p style=\"text-align: left;\">M\u00e1s adelante Teodoro se ver\u00e1 marcado tambi\u00e9n por otro acontecimiento. Su hermano Alfonso, un 20 de enero de 1842 en Roma se siente inundado por la presencia de Mar\u00eda hasta el punto de decir: \u201cElla no me dijo nada, pero yo todo lo comprend\u00ed. Me hizo una se\u00f1a con la mano para que yo me arrodillara, fij\u00e9 mis ojos en sus manos, y vi en ellas la expresi\u00f3n del perd\u00f3n y de la misericordia\u2026.\u201d<\/p>\n<p style=\"text-align: left;\">Desde entonces los dos hermanos comienzan a perfilar una obra que nace del \u201ccarisma\u201d que sienten por haber recibido en ese momento, a favor del pueblo de Israel.<\/p>\n<p style=\"text-align: left;\">Es por eso que las Hermanas expresan que \u201cEstamos llamados a dar testimonio con nuestras vidas de la fidelidad de Dios por el pueblo de Israel y a las promesas que \u00c9l revel\u00f3 a los Patriarcas y a los Profetas de Israel, para toda la humanidad, en Cristo se nos da la certeza de su cumplimiento final\u201d.<\/p>\n<p style=\"text-align: left;\">Con el correr del tiempo, a lo largo de m\u00e1s de 160 a\u00f1os, el carisma recibido por Teodoro Ratisbona y heredado por todas las hermanas de la Congregaci\u00f3n que \u00e9l fund\u00f3, se ha venido aclarando y precisando a\u00fan m\u00e1s. Es por eso que se puede afirmar que el carisma de Sion no se define por una actividad o tarea determinada, sino que, est\u00e1 claramente establecido en su constituci\u00f3n. \u201cSocorrer a los pobres y oprimidos, atender el trabajo catequ\u00edstico y Pastoral, a vivir con Fe y Esperanza, aceptando y respetando los valores propios de culturas y religiones diferentes a la nuestra, (a trav\u00e9s de diferentes formas de educaci\u00f3n se busca c\u00f3mo transmitir la visi\u00f3n b\u00edblica del mundo: la dignidad del ser humano, el amor a Dios por cada persona y cada pueblo, el respeto a los recursos naturales\u2026)<\/p>\n<p style=\"text-align: left;\">La llegada de las Hermanas de Sion a Costa Rica fue una se\u00f1al de la Divina Providencia. En 1877, la esposa del entonces Presidente de la Rep\u00fablica de Costa Rica, Don Tom\u00e1s Guardia, satisfecha de la educaci\u00f3n que las Religiosas de Sion hab\u00edan dado a sus hijas en su Colegio en Par\u00eds, quiso tener uno semejante para las j\u00f3venes costarricenses.<\/p>\n<p style=\"text-align: left;\">El gobierno ofreci\u00f3 entonces su apoyo a la seora de Guardia, suministrando los gastos del viaje de diez Hermanas, y poniendo a su disposici\u00f3n por seis a\u00f1os, una casa que estaba construy\u00e9ndose en Alajuela: \u201cLa poblaci\u00f3n entera de Costa Rica deseaba la llegada de las Religiosas\u201d.<\/p>\n<p style=\"text-align: left;\">El 20 de octubre de 1878, la Madre Barth\u00e9lemy Rich y nueve valerosas Hermanas, se despidieron de la Casa Madre, alentadas por los consejos y la bendici\u00f3n del Padre Teodoro y la Madre General, en Par\u00eds.<\/p>\n<p style=\"text-align: left;\">El mi\u00e9rcoles 4 de diciembre de 1878 llegaron al puerto de Puntarenas el grupo de diez Religiosas y el d\u00eda 5, salieron a caballo, bajo la custodia de Don Manuel Mu\u00f1oz, enviado para servirles de gu\u00eda. Unas Hermanas, nunca hab\u00edan andado a caballo pero todo lo que encontraron en el camino le impresion\u00f3 tanto que en una de las cartas que envi\u00f3 Berth\u00e9lemy Rich al Padre Teodoro dec\u00eda: \u201c \u00a1 Qu\u00e9 decirles de la belleza de la naturaleza! A la salida del sol, costeamos el mar a la derecha; es hora de la marea alta; a la izquierda la selva virgen, un r\u00edo l\u00edmpido. M\u00e1s arriba, hay un torrente que pasamos en una barcaza, pero los caminos llegan a ser espantosos, abominables; las carreteras suben y bajan sin cesar: piedras rodadas a cada paso\u201d (\u2026)<\/p>\n<p style=\"text-align: left;\">Por fin, el 6 de diciembre, cansad\u00edsimas, pero sin accidentes llegaron al t\u00e9rmino del viaje, a las 8 de la noche. Una legua antes hab\u00edan llegado a su encuentro la Sra. Guardia, y la Sra. Lizano con su hija y cuarenta o cincuenta personas a caballo. Las personas esperaban en la Catedral de Alajuela donde se realiz\u00f3 un Te Deum, para darle gracias a Dios por el viaje.<\/p>\n<p style=\"text-align: left;\">Durante largos a\u00f1os se dedicaron a la Ense\u00f1anza en el Colegio Nuestra Se\u00f1ora de Sion, privado, hasta que unas Hermanas, con valor y con una gran visi\u00f3n de futuro y esp\u00edritu Misionero, salieron del convento para catequizar en los barrios marginados de San Jos\u00e9.<\/p>\n<p style=\"text-align: left;\">En el a\u00f1o de 1951 se abri\u00f3 una comunidad en Turrialba, con el fin de atender una escuela gratuita para ni\u00f1as, tambi\u00e9n para dar catequesis, cursos de Biblia y formaci\u00f3n de catequistas de todo el cant\u00f3n.<\/p>\n<p style=\"text-align: left;\">La congregaci\u00f3n de Nuestra Se\u00f1ora de Sion se compone de 3 ramas: Activas, Contemplativas y los Padres de Sion.\u00a0La Fiesta Patronal de la Congregaci\u00f3n se celebra el 20 de enero de cada a\u00f1o.<\/p>\n<p style=\"text-align: left;\">LAS HERMANAS DE NUESTRA SE\u00d1ORA DE SION LLEGAN A PUNTARENAS<br \/>\nEn 1956 el se\u00f1or Nuncio, Monse\u00f1or Vernier comunica a las hermanas de Nuestra Se\u00f1ora de Sion su preocupaci\u00f3n por las ni\u00f1as de Puntarenas y solicita la fundaci\u00f3n de una escuela.<\/p>\n<p style=\"text-align: left;\">Puntarenas era un puerto muy importante para la Congregaci\u00f3n, ya que hab\u00eda sido aqu\u00ed donde llegaron las primeras religiosas de Sion de otros Continentes. Fue el primer lugar de Latinoam\u00e9rica y se les recibi\u00f3 con los brazos abiertos.<\/p>\n<p style=\"text-align: left;\">Tomando en cuenta la historia, la congregaci\u00f3n de las Hermanas de Sion aceptan. Los tr\u00e1mites legales con el entonces Obispo de Alajuela, Monse\u00f1or Juan Vicente Sol\u00eds y con el Ministerio de Educaci\u00f3n de esa \u00e9poca, no fueron muy dif\u00edciles. En enero de 1957 se esperaba ya la respuesta de la casa Madre en Par\u00eds, autorizando esta nueva fundaci\u00f3n.<\/p>\n<p style=\"text-align: left;\">Se design\u00f3 para comenzar la obra en Puntarenas a Sor Mar\u00eda Isabel Calder\u00f3n (Mere Emelda, en ese tiempo), Sor Herminia Campos, Sor Aidal\u00eda G\u00f3mez y Sor Emilce Araya. Salieron de San Jos\u00e9 el viernes 1 de marzo de 1957 a las 8 de la ma\u00f1ana y por un percance en una llanta llegaron a las 3 de la tarde a Puntarenas.<\/p>\n<p style=\"text-align: left;\">Era otro ambiente y a otro clima al que ven\u00edan. Un grupo de se\u00f1oras empezaron a organizar todo antes de que llegaran, entre ellas podemos mencionar a Do\u00f1a Delia de Beeche, Do\u00f1a Flora de Acu\u00f1a, Do\u00f1a Consuelo de Casalvolone, Do\u00f1a Flora Calvo, Do\u00f1a Mar\u00eda Fait, Do\u00f1a Peggy de Segares, Do\u00f1a Mim\u00ed Fait, Do\u00f1a Dulce Mar\u00eda Torre y muchas otras m\u00e1s.<\/p>\n<p style=\"text-align: left;\">Ellas buscaron una casa al costado oeste del Estadio Lito P\u00e9rez, apenas en construcci\u00f3n. La escuela era simplemente un garaje, pero desde el primer momento que llegaron, fueron acogidas por las congregaciones existentes en Puntarenas, como las Hermanas Misioneras de la Asunci\u00f3n, las de la P\u00eda Uni\u00f3n, Fray Casiano de Madrid, el grupo de damas Vicentinas y un grupo de madres y padres de familia de nuestras alumnas del Colegio. Gracias a todos ellos que ayudaron con los alimentos y materiales mientras las hermanas se acomodaban en su nueva casa.<\/p>\n<p style=\"text-align: left;\">\n<p style=\"text-align: left;\">Las hermanas Misioneras de la Asunci\u00f3n fueron sumamente fraternales desde un inicio. Ellas les dieron el rico desayuno cuando a\u00fan no ten\u00edan ni cocinaba. Iban a misa a la Parroquia o al Hospital u de regreso a la casa, pasaban a desayunar al Hogar Cristiano donde hoy est\u00e1n los Tribunales de Justicia.<\/p>\n<p style=\"text-align: left;\">El mismo Fray Casiano de Madrid, les llevaba a diario v\u00edveres y carne, mandaba muchachos de su hogar para que les limpiaran el patio, las vecinas les obsequiaban pescado.<\/p>\n<p style=\"text-align: left;\">En ese entonces el cura p\u00e1rroco era el Padre Jos\u00e9 Manuel Barboza quien las recibi\u00f3 muy bien y las visit\u00f3 algunas veces, tambi\u00e9n les asignaba trabajos de la Parroquia que ellas, gustosas lo hac\u00edan.<br \/>\nAsist\u00edan a las Eucar\u00edsticas en la Parroquia o en la Capillita del Hospital San Rafael, donde tambi\u00e9n iban a la Adoraci\u00f3n del Sant\u00edsimo.<\/p>\n<p style=\"text-align: left;\">Ten\u00edan unos grupos de ni\u00f1as y ni\u00f1os en los oratorios: del Barrio El Carmen, el Centro, El Cocal y Chacarita, pero tambi\u00e9n atend\u00edan ni\u00f1os de Carrizal donde los Bonilla, ah\u00ed se hac\u00eda la catequesis.<br \/>\nEl grupo de se\u00f1oras ped\u00edan una contribuci\u00f3n a los padres para pagar el local pues las lecciones eran gratuitas.<\/p>\n<div id=\"attachment_672\" style=\"width: 160px\" class=\"wp-caption alignleft\"><a href=\"http:\/\/escuelasion.esy.es\/wp-content\/uploads\/2015\/08\/Escuela-Sion.jpg\"><img loading=\"lazy\" decoding=\"async\" aria-describedby=\"caption-attachment-672\" class=\"wp-image-672 size-thumbnail\" src=\"http:\/\/escuelasion.esy.es\/wp-content\/uploads\/2015\/08\/Escuela-Sion-150x150.jpg\" alt=\"Estudiante de la Escuela Sion\" width=\"150\" height=\"150\" \/><\/a><p id=\"caption-attachment-672\" class=\"wp-caption-text\">Estudiante de la Escuela Sion<\/p><\/div>\n<p style=\"text-align: left;\">El primer d\u00eda de clase fue el martes 5 de marzo de 1957, se inici\u00f3 con dos grupos, uno de 1\u00ba grado, con 28 alumnas y un 2\u00ba grado con 6 alumnas. Como la casa era peque\u00f1a, el grupo de 2\u00ba ven\u00eda en la ma\u00f1ana y el de 1\u00ba ven\u00eda por la tarde.<br \/>\nLas ni\u00f1as llegaban impecables con sus uniformes blancos y se iban bien empolvadas pues todo el polvo entraba al aula en verano; en invierno y cada mes, con la luna llena, se met\u00eda el agua del estero y pasaban la ma\u00f1ana con los zapatos mojados. En ese entonces las calles eran de tierra arenosa y con el viento se levantaban grandes tormentas de arena. El comienzo fue muy dif\u00edcil por la pobreza y la incomodidad.<\/p>\n<p style=\"text-align: left;\">La escuela crec\u00eda a\u00f1o tras a\u00f1o por lo que ten\u00edan que estar cambiando de local para atender m\u00e1s alumnas y estar un poquito m\u00e1s c\u00f3modas.<\/p>\n<p style=\"text-align: left;\">Al a\u00f1o siguiente se pasaron a una casa frente al Parque Victoria pues ya ten\u00edan hasta tercer grado.<\/p>\n<p style=\"text-align: left;\">Luego estuvieron en otra casa, del se\u00f1or Don Eduardo Beeche frente a la Plaza Mora y Ca\u00f1as, algunas lecciones se deban en la antigua Casa Cural porque no alcanzaban los grupos ah\u00ed.<\/p>\n<div id=\"attachment_673\" style=\"width: 160px\" class=\"wp-caption alignleft\"><a href=\"http:\/\/escuelasion.esy.es\/wp-content\/uploads\/2015\/08\/Uniforme-Escuela-Sion.jpg\"><img loading=\"lazy\" decoding=\"async\" aria-describedby=\"caption-attachment-673\" class=\"wp-image-673 size-thumbnail\" src=\"http:\/\/escuelasion.esy.es\/wp-content\/uploads\/2015\/08\/Uniforme-Escuela-Sion-150x150.jpg\" alt=\"Uniforme Escuela Sion\" width=\"150\" height=\"150\" \/><\/a><p id=\"caption-attachment-673\" class=\"wp-caption-text\">Primer Uniforme de la Escuela Sion<\/p><\/div>\n<p style=\"text-align: left;\">Debido al aumento de matr\u00edcula, de la casa de la familia Beeche, se trasladaron a otra para aumentar el n\u00famero de aulas, ubicadas sobre el estero, donde trabaj\u00f3 mucho tiempo el Club de Leones.<\/p>\n<p style=\"text-align: left;\">Mientras la escuela cambiaba todos los a\u00f1os de local, el grupo de se\u00f1oras trataban de conseguir un terreno para construir un nuevo edificio ya que la poblaci\u00f3n estudiantil crec\u00eda cada vez m\u00e1s y se hab\u00edan unido a las religiosas seglares docentes, as\u00ed se consolid\u00f3 una gran familia con metas comunes, seg\u00fan los principios fundamentales de las Religiosas de Sion, para la sociedad puntarenense.<\/p>\n<p style=\"text-align: left;\">El terreno para la escuela fue donado por la Compa\u00f1\u00eda Bananera, en el Cocal gracias a las gestiones de Sor Mar\u00eda Isabel Calder\u00f3n, el se\u00f1or Max Echandi, la se\u00f1ora Peggy de Segares y su esposo Gonzalo Segares, padres de familia de la escuela, junto con el grupo de se\u00f1oras que desde un inicio trabajaron con la obra.<\/p>\n<p style=\"text-align: left;\">El terreno fue donado en tres etapas. La construcci\u00f3n del edificio fue lenta y dura, gracias a dos pr\u00e9stamos que se hicieron, uno a la Caja Costarricense de Seguro Social y otro a la Casa Madre en Par\u00eds.<\/p>\n<p style=\"text-align: left;\">Todas las deudas se fueron pagando con los aguinaldos de las hermanas maestras, donativos de padres de familia y amigos.<br \/>\nDesde el primer momento la escuela fue aprobada oficialmente por el MEP. Siguiendo los programas del Estado y \u00e9ste pagaba su salario, a los maestros.<\/p>\n<p style=\"text-align: left;\">Durante varios a\u00f1os la escuela atendi\u00f3 \u00fanicamente mujeres. Con criterios sicol\u00f3gicos y pedag\u00f3gicos, se analizo la necesidad de incluir varones en la matr\u00edcula y fue as\u00ed, que en el a\u00f1o mil novecientos setenta y seis (1976), se recibieron los primeros varones en primero y segundo grado. Hasta la actualidad, la escuela es mixta.<\/p>\n<p style=\"text-align: left;\">El edificio en el Cocal se ocup\u00f3 en el a\u00f1o de 1961 y desde entonces adem\u00e1s de escuela, ha servido para reuniones pastorales de la Di\u00f3cesis, de la parroquia y de otros Centros Educativos de la provincia.<\/p>\n<p style=\"text-align: left;\">La catequesis, continu\u00f3 en el Cocal. Preparaban ni\u00f1os y ni\u00f1as para recibir los sacramentos.<\/p>\n<p style=\"text-align: left;\">Desde 1957 la Direccion ha estado \u00fanicamente en manos de Religiosas, en 2003 pas\u00f3 a una Educadora seglar, Ana Isabel Matamoros Torre, quedando Sor Ana Rosa como representante de las Hermanas de Sion en el \u00e1rea Administrativa.<\/p>\n<p style=\"text-align: left;\">\n<p style=\"text-align: left;\">La primera educadora seglar que imparti\u00f3 lecciones en la escuela fue Laura Segares Arismendi de nacionalidad espa\u00f1ola, en a\u00f1o de 1962 y el grupo que tuvo a cargo fue II B.<br \/>\nEn el a\u00f1o 1963, entraron tres nuevas seglares Sheila Ortega Ay\u00f3n, Flora \u00c1ngela Li Cheng y Mar\u00eda de los \u00c1ngeles Scorza Fonseca.<\/p>\n<p style=\"text-align: left;\">Todas y todos los seglares que se iban incorporando a la Educaci\u00f3n en Sion, lo hac\u00edan asumiendo el carisma y siguiendo esos pensamientos tan bellos del Padre Teodoro \u201c<em>Sean testimonio para sus alumnos(as) m\u00e1s que profesores(as)<\/em>\u201d \u201c<em>El \u00e9xito en la Educaci\u00f3n es el Amor<\/em>\u201d, \u201c<em>La peor de las pobrezas es la ignorancia<\/em>\u201d.<\/p>\n<p style=\"text-align: left;\">En una de las cartas que les env\u00eda a las religiosas que vinieron a Costa Rica les dec\u00eda: \u201cLo importante es saber esperar la hora de Dios, porque en el orden espiritual y en el orden natural, hay estaciones diversas, estaci\u00f3n de siembra y estaci\u00f3n de cosecha\u201d.<br \/>\nAs\u00ed a\u00f1o tras a\u00f1o ha venido creciendo y aumentando la matr\u00edcula paulatinamente. Es por eso que la escuela ha estado sembrando y a la vez cosechando durante todo este tiempo.<\/p>\n<p style=\"text-align: left;\">Notas de una amiga de la comunidad puntarenense dice que debe mucho a la Escuela Nuestra Se\u00f1ora de Sion, los valores, los h\u00e1bitos, los conocimientos, que cantidad de generaciones han recibido all\u00ed, hoy est\u00e1n dando muchos frutos en la sociedad costarricense.<\/p>\n<p style=\"text-align: left;\">Prueba de ello es la cantidad de personas egresadas de la Instituci\u00f3n que ocupan grandes puestos y sin personas muy distinguidas dentro de nuestra sociedad.<\/p>\n<p>SOR MARIA ISABEL CALDERON<br \/>\nQuien tuvo la oportunidad de conocer a Mere Emelda de Sion puede dar fe de que durante su vida Religiosa fue una mujer extraordinaria.<\/p>\n<p>Vivi\u00f3 una vida consagrada muy consciente de su misi\u00f3n, entusiasta, colaboradora y muy emprendedora, prueba de ello es la Escuela Nuestra Se\u00f1ora de Sion, que hoy aloja a m\u00e1s de 709 ni\u00f1os y ni\u00f1as de la ciudad de Puntarenas.<\/p>\n<p>Sor Mar\u00eda Isabel Calder\u00f3n, religiosa de la Hermana de Nuestra Se\u00f1ora de Sion, responsable de impulsar y hacer posible una escuela para ni\u00f1as porte\u00f1as en la ciudad de Puntarenas, solicitada por Monse\u00f1or Sol\u00eds, Obispo de Alajuela y de varias ex alumnas del Colegio de Sion en San Jos\u00e9, que deseaban una educaci\u00f3n cat\u00f3lica para sus hijas.<\/p>\n<p>Sue\u00f1o que se hizo realidad en marzo de 1957, en una peque\u00f1a casa al costado oeste del Estadio Lito P\u00e9rez. Sor Mar\u00eda Isabel o la Madrecita, como le llamaban cari\u00f1osamente por su calidad humana se gan\u00f3 la confianza de las personas con quien trataba, logrando integrar un grupo de colaboradores con los que luch\u00f3 para sus objetivos.<\/p>\n<p>La poblaci\u00f3n estudiantil crec\u00eda por lo que se hizo necesario el traslado a otra casa mas c\u00f3moda en el centro de la ciudad, en determinado momento ocuparon la casa cural vieja, el Padre Jos\u00e9 Manuel Barboza, cura en ese tiempo, era su amigo, as\u00ed como Don Fray Casiano de Madrid con quien compart\u00eda sus necesidades y sue\u00f1os.<\/p>\n<p>Mujer abnegada, emprendedora, solidaria, de mucha fe, siempre cari\u00f1osa y sonriente acogiendo y compartiendo sin perder de vista su objetivo, \u201cconstruir un edificio digno y adecuado para la escuela que demandaba cada d\u00eda m\u00e1s espacio en donde se pudiera atender las ni\u00f1as en todos los campos de acuerdo a los programas del MEP, las exigencias de la Congregaci\u00f3n, la iglesia y las necesidades propias de la comunidad estudiantil\u201d.<\/p>\n<p>Esta incansable mujer logr\u00f3 que la Compa\u00f1\u00eda Bananera obsequiara a la Congregaci\u00f3n un terreno en el Cocal, con este sigui\u00f3 haciendo gestiones y organizando actividades para iniciar la construcci\u00f3n.<\/p>\n<p>Envi\u00f3 cartas a la Casa Madre en Par\u00eds solicitando un pr\u00e9stamo sin intereses, lo que le fue concedido (este se cancel\u00f3 con el salario de las hermanas). En fin no descans\u00f3 hasta que se contruteron diez aulas y una parte de la casa para las hermanas.<\/p>\n<p>Quienes la conocieron la recuerdan con mucho cari\u00f1o y gratitud.<br \/>\nImpuls\u00f3 la oratoria (catequesis, juegos los domingos) en los barrios:<\/p>\n<p>El centro, El Carmen, El Cocal, Barranca. Las hermanas ten\u00edan como colaboradoras ni\u00f1as y vecinas amigas que se preparaban con las hermanas, para que los ni\u00f1os (as) pasaran un rato agradable, as\u00ed se iban formando las futuras catequistas.<br \/>\nSe distingui\u00f3 por su capacidad de escucha y acogida, abri\u00f3 las puertas a la comunidad y el local de la escuela a todo el que se acerca y necesitara un espacio diferente.<\/p>\n<p>Ella fue el motor de una relaci\u00f3n amistosa y solidaria entre las tres congregaciones: Fray Casiano de Madrid y los sacerdotes.<\/p>\n<p>Con su orientaci\u00f3n y apoyo las hermanas de Sion de su comunidad colaboraron en la Pastoral de la Parroquia. S\u00e1bados y domingos visitaban con los sacerdotes las diferentes comunidades.<\/p>\n","protected":false},"excerpt":{"rendered":"<p>HERMANAS DE NUESTRA SE\u00d1ORA DE SION Un Poco de Historia La congregaci\u00f3n de Nuestra Se\u00f1ora de Sion fue fundada en Francia en 1842 por Teodoro Ratisbona de Origen Jud\u00edo. M\u00e1s adelante Teodoro se ver\u00e1 marcado tambi\u00e9n por otro acontecimiento. Su hermano Alfonso, un 20 de enero de 1842 en Roma se siente inundado por la [&hellip;]<\/p>\n","protected":false},"author":1,"featured_media":0,"parent":377,"menu_order":0,"comment_status":"open","ping_status":"open","template":"","meta":{"saved_in_kubio":false,"footnotes":""},"class_list":["post-381","page","type-page","status-publish","hentry"],"kubio_ai_page_context":{"short_desc":"","purpose":"general"},"_links":{"self":[{"href":"https:\/\/sionpuntarenas.com\/index.php?rest_route=\/wp\/v2\/pages\/381","targetHints":{"allow":["GET"]}}],"collection":[{"href":"https:\/\/sionpuntarenas.com\/index.php?rest_route=\/wp\/v2\/pages"}],"about":[{"href":"https:\/\/sionpuntarenas.com\/index.php?rest_route=\/wp\/v2\/types\/page"}],"author":[{"embeddable":true,"href":"https:\/\/sionpuntarenas.com\/index.php?rest_route=\/wp\/v2\/users\/1"}],"replies":[{"embeddable":true,"href":"https:\/\/sionpuntarenas.com\/index.php?rest_route=%2Fwp%2Fv2%2Fcomments&post=381"}],"version-history":[{"count":4,"href":"https:\/\/sionpuntarenas.com\/index.php?rest_route=\/wp\/v2\/pages\/381\/revisions"}],"predecessor-version":[{"id":675,"href":"https:\/\/sionpuntarenas.com\/index.php?rest_route=\/wp\/v2\/pages\/381\/revisions\/675"}],"up":[{"embeddable":true,"href":"https:\/\/sionpuntarenas.com\/index.php?rest_route=\/wp\/v2\/pages\/377"}],"wp:attachment":[{"href":"https:\/\/sionpuntarenas.com\/index.php?rest_route=%2Fwp%2Fv2%2Fmedia&parent=381"}],"curies":[{"name":"wp","href":"https:\/\/api.w.org\/{rel}","templated":true}]}}